{"id":1762,"date":"2025-03-18T21:28:45","date_gmt":"2025-03-18T20:28:45","guid":{"rendered":"http:\/\/musikverein-biebertal.de\/?page_id=1762"},"modified":"2025-03-25T20:50:08","modified_gmt":"2025-03-25T19:50:08","slug":"musikverein-biebertal-e-v","status":"publish","type":"page","link":"http:\/\/musikverein-biebertal.de\/index.php\/vorstand\/musikverein-biebertal-e-v\/","title":{"rendered":"Jahreshauptversammlung"},"content":{"rendered":"\n<p><strong>Jahreshauptversammlung<\/strong><\/p>\n\n\n\n<p><\/p>\n\n\n\n<p>der Musikverein Biebertal l\u00e4dt alle aktiven und passiven Mitglieder zur diesj\u00e4hrigen Jahreshauptversammlung am <strong>Samstag, den 29.03.2025 um 19 Uhr<\/strong> in das Gemeindezentrum Hofbieber ein. <\/p>\n\n\n\n<p><\/p>\n\n\n\n<p><\/p>\n\n\n\n<p><strong>Tagesordnungspunkte:<\/strong><\/p>\n\n\n\n<ol class=\"wp-block-list\">\n<li>Er\u00f6ffnung und Begr\u00fc\u00dfung<\/li>\n\n\n\n<li>Feststellung der ordnungsgem\u00e4\u00dfen Ladung und Beschlussf\u00e4higkeit<\/li>\n\n\n\n<li>Bericht der Vorsitzenden<\/li>\n\n\n\n<li>Bericht der Jugendvertreter<\/li>\n\n\n\n<li>Bericht des Dirigenten<\/li>\n\n\n\n<li>Bericht der Kassierer<\/li>\n\n\n\n<li>Aussprache zu den Berichten<\/li>\n\n\n\n<li>Bericht der Kassenpr\u00fcfer<\/li>\n\n\n\n<li>Entlastung des Vorstandes<\/li>\n\n\n\n<li>Neuwahlen<\/li>\n\n\n\n<li>Ausblick auf das Jahr 2025<\/li>\n\n\n\n<li>Verschiedenes<\/li>\n<\/ol>\n\n\n\n<p>Wir freuen uns \u00fcber eine rege Teilnahme<\/p>\n\n\n\n<p><\/p>\n\n\n\n<p>I<strong>hr MV Biebertal e.V.<\/strong><\/p>\n","protected":false},"excerpt":{"rendered":"<p>Jahreshauptversammlung der Musikverein Biebertal l\u00e4dt alle aktiven und passiven Mitglieder zur diesj\u00e4hrigen Jahreshauptversammlung am Samstag, den 29.03.2025 um 19 Uhr in das Gemeindezentrum Hofbieber ein. Tagesordnungspunkte: Wir freuen uns \u00fcber eine rege Teilnahme Ihr MV Biebertal e.V.<\/p>\n","protected":false},"author":666668,"featured_media":0,"parent":45,"menu_order":1,"comment_status":"closed","ping_status":"closed","template":"","meta":{"footnotes":""},"class_list":["post-1762","page","type-page","status-publish","hentry"],"_links":{"self":[{"href":"http:\/\/musikverein-biebertal.de\/index.php\/wp-json\/wp\/v2\/pages\/1762","targetHints":{"allow":["GET"]}}],"collection":[{"href":"http:\/\/musikverein-biebertal.de\/index.php\/wp-json\/wp\/v2\/pages"}],"about":[{"href":"http:\/\/musikverein-biebertal.de\/index.php\/wp-json\/wp\/v2\/types\/page"}],"author":[{"embeddable":true,"href":"http:\/\/musikverein-biebertal.de\/index.php\/wp-json\/wp\/v2\/users\/666668"}],"replies":[{"embeddable":true,"href":"http:\/\/musikverein-biebertal.de\/index.php\/wp-json\/wp\/v2\/comments?post=1762"}],"version-history":[{"count":0,"href":"http:\/\/musikverein-biebertal.de\/index.php\/wp-json\/wp\/v2\/pages\/1762\/revisions"}],"up":[{"embeddable":true,"href":"http:\/\/musikverein-biebertal.de\/index.php\/wp-json\/wp\/v2\/pages\/45"}],"wp:attachment":[{"href":"http:\/\/musikverein-biebertal.de\/index.php\/wp-json\/wp\/v2\/media?parent=1762"}],"curies":[{"name":"wp","href":"https:\/\/api.w.org\/{rel}","templated":true}]}}

<p><strong>Jahreshauptversammlung</strong></p>



<p></p>



<p>der Musikverein Biebertal lädt alle aktiven und passiven Mitglieder zur diesjährigen Jahreshauptversammlung am <strong>Samstag, den 29.03.2025 um 19 Uhr</strong> in das Gemeindezentrum Hofbieber ein. </p>



<p></p>



<p></p>



<p><strong>Tagesordnungspunkte:</strong></p>



<ol class="wp-block-list">
<li>Eröffnung und Begrüßung</li>



<li>Feststellung der ordnungsgemäßen Ladung und Beschlussfähigkeit</li>



<li>Bericht der Vorsitzenden</li>



<li>Bericht der Jugendvertreter</li>



<li>Bericht des Dirigenten</li>



<li>Bericht der Kassierer</li>



<li>Aussprache zu den Berichten</li>



<li>Bericht der Kassenprüfer</li>



<li>Entlastung des Vorstandes</li>



<li>Neuwahlen</li>



<li>Ausblick auf das Jahr 2025</li>



<li>Verschiedenes</li>
</ol>



<p>Wir freuen uns über eine rege Teilnahme</p>



<p></p>



<p>I<strong>hr MV Biebertal e.V.</strong></p>

<p>Jahreshauptversammlung der Musikverein Biebertal lädt alle aktiven und passiven Mitglieder zur diesjährigen Jahreshauptversammlung am Samstag, den 29.03.2025 um 19 Uhr in das Gemeindezentrum Hofbieber ein. Tagesordnungspunkte: Wir freuen uns über eine rege Teilnahme Ihr MV Biebertal e.V.</p>
